{"id":7183,"date":"2025-06-11T15:01:57","date_gmt":"2025-06-11T12:01:57","guid":{"rendered":"https:\/\/www.gozdelazer.com\/goz\/?page_id=7183"},"modified":"2025-06-11T15:20:17","modified_gmt":"2025-06-11T12:20:17","slug":"oz-degerlendirme-takvimi","status":"publish","type":"page","link":"https:\/\/www.gozdelazer.com\/goz\/oz-degerlendirme-takvimi\/","title":{"rendered":"\u00d6Z DE\u011eERLEND\u0130RME TAKV\u0130M\u0130"},"content":{"rendered":"\t\t<div data-elementor-type=\"wp-page\" data-elementor-id=\"7183\" class=\"elementor elementor-7183\">\n\t\t\t\t<div class=\"elementor-element elementor-element-8e8a0c7 e-con-full e-flex e-con e-parent\" data-id=\"8e8a0c7\" data-element_type=\"container\" data-e-type=\"container\">\n\t\t<div class=\"elementor-element elementor-element-8547f68 e-flex e-con-boxed e-con e-child\" data-id=\"8547f68\" data-element_type=\"container\" data-e-type=\"container\">\n\t\t\t\t\t<div class=\"e-con-inner\">\n\t\t\t\t<div class=\"elementor-element elementor-element-a7ec77e elementor-widget elementor-widget-image\" data-id=\"a7ec77e\" data-element_type=\"widget\" data-e-type=\"widget\" data-widget_type=\"image.default\">\n\t\t\t\t\t\t\t\t\t\t\t\t\t\t\t<img fetchpriority=\"high\" decoding=\"async\" width=\"1071\" height=\"620\" src=\"https:\/\/www.gozdelazer.com\/goz\/wp-content\/uploads\/2025\/06\/Ekran-goruntusu-2025-06-11-150842.png\" class=\"attachment-full size-full wp-image-7187\" alt=\"\" srcset=\"https:\/\/www.gozdelazer.com\/goz\/wp-content\/uploads\/2025\/06\/Ekran-goruntusu-2025-06-11-150842.png 1071w, https:\/\/www.gozdelazer.com\/goz\/wp-content\/uploads\/2025\/06\/Ekran-goruntusu-2025-06-11-150842-300x174.png 300w, https:\/\/www.gozdelazer.com\/goz\/wp-content\/uploads\/2025\/06\/Ekran-goruntusu-2025-06-11-150842-1024x593.png 1024w, https:\/\/www.gozdelazer.com\/goz\/wp-content\/uploads\/2025\/06\/Ekran-goruntusu-2025-06-11-150842-768x445.png 768w\" sizes=\"(max-width: 1071px) 100vw, 1071px\" \/>\t\t\t\t\t\t\t\t\t\t\t\t\t\t\t<\/div>\n\t\t\t\t<div class=\"elementor-element elementor-element-569bb82 elementor-widget elementor-widget-image\" data-id=\"569bb82\" data-element_type=\"widget\" data-e-type=\"widget\" data-widget_type=\"image.default\">\n\t\t\t\t\t\t\t\t\t\t\t\t\t\t\t<img decoding=\"async\" width=\"958\" height=\"561\" src=\"https:\/\/www.gozdelazer.com\/goz\/wp-content\/uploads\/2025\/06\/Ekran-goruntusu-2025-06-11-150956.png\" class=\"attachment-full size-full wp-image-7188\" alt=\"\" srcset=\"https:\/\/www.gozdelazer.com\/goz\/wp-content\/uploads\/2025\/06\/Ekran-goruntusu-2025-06-11-150956.png 958w, https:\/\/www.gozdelazer.com\/goz\/wp-content\/uploads\/2025\/06\/Ekran-goruntusu-2025-06-11-150956-300x176.png 300w, https:\/\/www.gozdelazer.com\/goz\/wp-content\/uploads\/2025\/06\/Ekran-goruntusu-2025-06-11-150956-768x450.png 768w\" sizes=\"(max-width: 958px) 100vw, 958px\" \/>\t\t\t\t\t\t\t\t\t\t\t\t\t\t\t<\/div>\n\t\t\t\t\t<\/div>\n\t\t\t\t<\/div>\n\t\t\t\t<\/div>\n\t\t\t\t<\/div>\n\t\t","protected":false},"excerpt":{"rendered":"","protected":false},"author":1,"featured_media":0,"parent":0,"menu_order":0,"comment_status":"closed","ping_status":"closed","template":"","meta":{"footnotes":""},"class_list":["post-7183","page","type-page","status-publish","hentry"],"_links":{"self":[{"href":"https:\/\/www.gozdelazer.com\/goz\/wp-json\/wp\/v2\/pages\/7183","targetHints":{"allow":["GET"]}}],"collection":[{"href":"https:\/\/www.gozdelazer.com\/goz\/wp-json\/wp\/v2\/pages"}],"about":[{"href":"https:\/\/www.gozdelazer.com\/goz\/wp-json\/wp\/v2\/types\/page"}],"author":[{"embeddable":true,"href":"https:\/\/www.gozdelazer.com\/goz\/wp-json\/wp\/v2\/users\/1"}],"replies":[{"embeddable":true,"href":"https:\/\/www.gozdelazer.com\/goz\/wp-json\/wp\/v2\/comments?post=7183"}],"version-history":[{"count":7,"href":"https:\/\/www.gozdelazer.com\/goz\/wp-json\/wp\/v2\/pages\/7183\/revisions"}],"predecessor-version":[{"id":7196,"href":"https:\/\/www.gozdelazer.com\/goz\/wp-json\/wp\/v2\/pages\/7183\/revisions\/7196"}],"wp:attachment":[{"href":"https:\/\/www.gozdelazer.com\/goz\/wp-json\/wp\/v2\/media?parent=7183"}],"curies":[{"name":"wp","href":"https:\/\/api.w.org\/{rel}","templated":true}]}}